11)?
106
Evaluate (-20 + 21 - (4 + -6 + 9)) + -2 + -28.
-36
Calculate (-4 - -3) + (-1 - 47) + (-1481 - -1494).
-36
16 - (9 + -9 - -3) - 64
-51
Evaluate 86 - 34 - -10 - -4.
66
(-291 - -278) + 5 + 71
63
Calculate -33 + 20 + 27 + 27.
41
-1285 + 1427 - (28 + 6)
108
What is the value of (89 - (-81 + 98)) + -80?
-8
What is -22 - ((6 - 97) + -37 + 37)?
69
What is -5 - ((110 - (9 + -34 + 21)) + -7)?
-112
Evaluate -1678 - -1691 - (115 + -1 - 3).
-98
Calculate 10 + -24 + -25 + 20 + -13.
-32
What is the value of -52 + -1 + (-73 - -60)?
-66
What is -5 - -14 - (-17 + -37 + 63)?
0
165 + -299 + 134 + -1 + -1 + (1 - -6)
5
What is 19 - (51 - (34 + -37))?
-35
What is the value of 49 + -52 + -51 + 37?
-17
Evaluate 76 - (-60 - -145) - (-2 + -29).
22
-39 + 61 - (62 + 0 + -4)
-36
What is -104 - (-123 + (-19 - -83))?
-45
Evaluate (89 - 19 - 52) + 24 + 2.
44
What is the value of 78 + -50 + (32 - 17)?
43
Evaluate (-6 - (37 + 4 + -7) - -5) + 16 + -6.
-25
What is the value of (14 - 19 - -9) + 4 - (-40 + -2)?
50
Evaluate (-77 - -37 - -39) + 32.
31
Calculate 9 + 2 - (-3 - -10 - (2 - -68)).
74
Evaluate -4 + -40 + (80 - (-115 + 188)).
-37
What is 28 + -82 + 134 - (16 - (4 - 8))?
60
Evaluate -3000 + 2991 - (-51 - 1).
43
What is the value of (0 - -1) + 17 + (-15 - -10)?
13
What is -37 - (0 + 1 + -4) - (-1215 - -1233)?
-52
Calculate -4 + -30 + 22 - (3 - (-3 - (3 - 57))).
36
What is -9 - (-21 - -18) - (38 - (-6 + 6))?
-44
4 + -93 + (-202 - -197) - -39
-55
What is the value of 40 + 2 + 1 + 13 + -26 + 2 + 4?
36
What is -16 + 1 + -2 - (-129 - (-241 + 126))?
-3
What is (1 - (2 - 6)) + (-5 - (-16 - -17))?
-1
What is (140 - (-31 - -86)) + -183?
-98
What is (71 - 59) + (-165 - -182)?
29
Evaluate (0 + 6 - 13) + 1 + 13 + -3.
4
Evaluate -110 - (-23 - (17 + 5 + -19)).
-84
(-27 - -49 - 76) + 39
-15
What is the value of (10 - 16 - 33 - -15) + 16?
-8
Calculate 5 + 7 + 4 + -1 + -10 + 1 + -116.
-110
Calculate (-50 - (10 - 47)) + (4 - -3) + 71.
65
Evaluate (12 - (5 - 1)) + -8 + (-18 - 13 - -74).
43
What is -51 - -59 - (0 + 5 + 1 - -19)?
-17
What is the value of (31 - -1) + 22 + 4 + (0 - (0 + -7))?
65
Evaluate -232 + 322 - (60 + 19).
11
-6 - ((4 - 17) + -9) - 32
-16
4 + 81 + -7 - (46 + -45 + -12)
89
Calculate -13 + (20 + 13 + -10 - -8) + -6.
12
What is (-142 + 137 - (-2 + (-1 - 3) + 1)) + -50?
-50
What is -88 + (-8 - -4) + 5 + -273 + 274?
-86
4 - (-8 + -2) - (-18 + 25 - -123 - 12)
-104
Calculate -2 + (39 - -7) - (161 - 165).
48
Calculate -5 + ((-17 - 7) + 40 - 38).
-27
Calculate (23 + -8 - (-1 + 13)) + -6 - 11.
-14
Calculate -5 - (-20 + (34 - 16) - (-14 + 0)).
-17
Evaluate -363 - -418 - (4 - -120).
-69
Evaluate 48 + (-16 - (-22 + 28)) + -12.
14
13 - (17 + 3) - (-2 - -32 - (-1 - 3))
-41
What is -15 + -16 - (28 - (11 + 74))?
26
What is the value of 31 + -2 + -1394 + 1415?
50
What is 38 - ((-22 - (-14 + 8)) + -3 + -10 + 19)?
48
Calculate (-8 - (12 - (17 + -8))) + (-2 - -1).
-12
What is the value of 29 + (52 + -128 - -20)?
-27
What is 19 + (0 - -5 - 6) + 144 + -79?
83
What is -6 + 29 + -31 - (4 - (-50 - 1))?
-63
Evaluate 0 - -63 - (-35594 - -35735).
-78
Evaluate (18395 - 18400) + (1 - 47) + -1.
-52
What is the value of -3 + -148 + 162 - (73 + 2)?
-64
Evaluate -93 + 111 + (6 - 36) + 1 + 45.
34
What is the value of -1 - (52 - (69 - 33))?
-17
Evaluate 41 + 37 + -48 + 18.
48
Evaluate -7 + 2 + -68 - 7 - (3 - -18 - 33).
-68
Evaluate (4 + -7 - (0 - 2)) + 16 + -13 + 0.
2
What is the value of (52 - (38 + 39)) + 28 + (-127 - (-1 - -2))?
-125
What is 14 + (9 - (14 + -18) - 10 - 6)?
11
Calculate (-83 + (0 - (-18 - 5)) - 3) + -1 + 6.
-58
6 + -19 + 61 + 0 + -9
39
What is the value of -1 - ((2 - 9) + (-20 + 6 - -23))?
-3
What is (-9 + -28 + -11 + -7 - 6) + -12?
-73
Calculate (-51 - -58 - (-11 - -6)) + -45.
-33
Calculate -62 + 66 + 19 + (-76 - 7).
-60
Calculate -4 + -6 + (4 - -2 - (-34 + 62 - 17)).
-15
-103 + (25 - (5 + 36)) + 19
-100
What is 47 + 1 - 118 - (-2 + (-1 - -1) - 8)?
-60
What is (-4 - (1 + -17)) + (0 - -19 - 46) + -53?
-68
Calculate (-1 - (-13 + 34 + -6) - -2) + -10.
-24
Evaluate -45 + (3 - -44) - 49.
-47
-151 + 86 + 106 + -105
-64
What is 1 - -50 - (-30 - (34 + -3 + -60))?
52
What is 259 + -278 + 64 + 3 - 9?
39
Calculate (0 - 1) + -15 + (-22 - -27) + -1 + 64.
52
What is the value of -118 + 131 + (-39 - ((2 - 4) + 0))?
-24
What is ((-15 - -8 - 34) + 44 - (1 + 37)) + -14?
-49
What is the value of 32 + 89 + -267 - -83?
-63
-17 - ((-8 - 0) + (-11 - -1 - (142 - 170)))
-27
(-57 - -11) + (147 - (-40 - -53))
88
Calculate (66 - 0) + (-48 + 44 - (-43 - -27)).
78
((57 - 30) + -10 - (-4 - 1)) + 3
25
What is the value of 0 - 18 - (-1022 + 1078)?
-74
Evaluate 129 + -101 - -14 - (0 + 77).
-35
Evaluate 41 + (30 - 55) + 27.
43
-10 + 1 + (8 + -17 - -36) - -65
83
Calculate 1 + 25 - ((-8 + 21 - 34) + (14 - 3)).
36
-19 + 0 + 49 + (-65 - -8)
-27
4 + -16 + 1 + -5 - (3 + (-4 - 1))
-14
What is 58 + 2 + -2 + 23 + (742 - 745)?
78
Calculate -109 - (30 + (29 - 2 - 80)).
-86
Calculate 49 + 99 + -180 + 58.
26
What is 0 + 18 + (36 - -27) - (0 + -1 + 3)?
79
What is the value of 0 + (-2 - -66) + 2 + (-285 - -556) + -267?
70
What is (-45 - (-6 + -23)) + 45 - (0 - 12)?
41
Evaluate 136 - (46 + 0 + -45 + 16).
119
Evaluate 2 + -2 + 29 + (-4239 - -4272).
62
What is 3 + (2 + 2 - 11) + 8 + 13?
17
Evaluate -1 + (-5 - (5 - 23) - (12 + -15)).
15
What is the value of 3 + -97 + (-2 + 19 + -39 - -21)?
-95
Evaluate 58 - ((26 - 6) + 23).
15
Evaluate -1 + -50 + (7 + (1 - 26) - (-120 + 104)).
-53
Evaluate -1 + -2 + -20 + 52 + -31.
-2
What is 3 + (-5 - (10 - (12 + -9))) + 66?
57
5 - 18 - (-49 + 31) - (52 + 1)
-48
Calculate (99 - 67) + 1 + -14 + -12 + 50.
57
What is (-22 - (-11 - 27)) + 33 + 0 + -6?
43
Evaluate -61 - (0 + 1 + -3 + -1) - (1377 - 1380).
-55
What is -114 + 129 - (1 + 7 - (-51 - -135))?
91
What is 0 - 1 - (62 + (1 - 0)) - (3779 - 3790)?
-53
Evaluate (11 - -25) + -1 + 12.
47
What is the value of 0 + -12 + ((18 - 86) + 1 - 16 - -18)?
-77
Calculate 8 + (-26 - 39) - -23.
-34
159 - (3 + -4 - -84)
76
Evaluate (12 - 73) + 18 - -22 - -21.
0
Calculate 1 + -26 + (-107 - -130) - -16.
14
Calculate -53 + 5 + -7 - (92 - 99 - (-8 - 1)).
-57
Evaluate 61 + (10 - (22 + 9) - (-30 + 28)).
42
What is the value of (91 - 10) + (210 - 168)?
123
What is 6678 + -6688 - (14 - 2)?
-22
What is the value of 38 - -1 - 37 - ((-32 - 2) + 2)?
34
99 + -121 - -51 - -69
98
6 + 2 - (85 + -80) - (-47 - (-4 + 3))
49
Evaluate -2 + (12 + -3 - -2 - (-44 + 123)) + 10.
-60
Evaluate 75 - (65 + 63) - (1 - (-3 - -13)).
-44
Evaluate 134 + -76 - (4 + 1 - (14 - 0)).
67
What is 46 - 19 - 42 - (-2 - -10)?
-23
What is 51 + 28 - 69 - (-1 + -1 + -37)?
49
What is 2 + 2 + 44 + 0 + -28 + 27 + 3?
50
Calculate 4 - (38 + -102 + 54 + -1 + 15 - 8).
8
What is -100 + (23 - 45 - -28) + 12?
-82
What is (7 - ((4 - 4) + -3 + 1)) + 162 + -71?
100
Evaluate -10 + 145 + ((10 - (-12 - -10)) + 15 - 13).
149
What is the value of -71 + -16 - -31 - 24?
-80
(-2 - (82 + -6 + 13 + -1 + -15)) + -6
-81
What is 10 + (-225 + 226 - (2 - -18)) + (5 - 0)?
-4
What is the value of -1 + -18 + 15 + 12 + -3 + -1 + -117?
-113
28 - (-29 + 18 - (14 + 2))
55
What is the value of (-2645 - -2673) + (-9 - -4 - (-1 - -1))?
23
What is the value of -7 - 16 - (-73 + 24 + 1)?
25
What is (0 - 16) + 14 - (-9 + 0) - -9?
16
What is the value of -30 + (9 - -8) + -11 + (7 + -6 - -6)?
-17
Evaluate (22 - 63 - -15) + 20 - -4.
-2
Evaluate 7 + -2 + (-7 + (1 - 129) + 2 - -20).
-108
Calculate 24 + -56 + 33 + 59 - 2.
58
What is the value of (7 - -38 - -68) + -28?
85
Evaluate (-26 + 12 - -17 - -9) + -78 - 13.
-79
What is the value of (18 - 2) + (46 - 100) + -13?
-51
What is 41 - (56 - (-55 + 72))?
2
Calculate 12 - ((91 - 1) + (-4 - (-45 - -36))).
-83
Evaluate 41 - 3 - (-38 - -34) - 3.
39
Calculate -44 - ((86 - 216) + 36).
50
What is (1 + 1 - -3) + 4377 + -4348?
34
Evaluate 153 - (27 + (221 - 124)).
29
What is -43 - (-111 - (-15 + -49))?
4
What is -61 + (10 - 1) + (31 - (59 - 26))?
-54
What is 13 - 0 - (-17 - -25) - (170 + -104)?
-61
What is 51 - (44 - 10 - -15)?
2
What is 16 - ((-5 - 7) + 5 - (68 - 74))?
17
(-918 - -968) + (5 - 120)
-65
Calculate 2 - -2 - (-2 - -1 - -88 - (658 + -656)).
-81
Evaluate 5 + 1 + -2 + 1 - (-5 + 3).
7
Evaluate 1 + -40 - (14 - (26 + 4)) - -100.
77
-33 - 3 - ((32 - 75) + 24)
-17
What is 23 - 29 - 1 - -10 - (1 + -42)?
44
What is the